ate b(66).
46
Let c(m) = -118*m**2 + 1706*m - 5. What is c(15)?
-965
Let p(j) = -j**3 - 1862*j**2 - 5590*j - 60. Calculate p(-3).
-21
Let k(n) = -n**3 - 22*n**2 - 46*n + 645. Give k(-17).
-18
Let b(w) = -w**3 - 12*w**2 + 6*w - 69. Give b(-13).
22
Let l(d) = -2*d**2 + 131*d + 638. Calculate l(71).
-143
Let l(w) = 875*w + 29111. Calculate l(-29).
3736
Let d(w) = 39*w**3 - 262*w**2 + 155*w + 82. Calculate d(6).
4
Let b(u) = -u**3 - 224*u**2 + 26768*u - 9294. Give b(86).
-6
Let b(l) = -4*l**2 - 120*l - 726. What is b(-22)?
-22
Let q(s) = -s**3 - 77*s**2 - 364*s + 27277. Determine q(-65).
237
Let u(i) = -i**3 - 202*i**2 - 1128*i + 322. Determine u(-6).
34
Let w(s) = s**3 + 729*s**2 + 4384*s + 33178. What is w(-723)?
-80
Let k(x) = -2934*x + 363818. Give k(124).
2
Let q(x) = -7*x**2 - 222*x - 1211. What is q(-9)?
220
Let c(p) = -39374*p + 1102500. Give c(28).
28
Let t(a) = 376*a**2 + 5257*a - 168. Determine t(-14).
-70
Let f(j) = -13*j**2 + 748*j + 12583. Give f(-17).
-3890
Let y(s) = 205692*s - 1851222. Determine y(9).
6
Let v(r) = -8*r**2 - 127*r - 134. Determine v(-12).
238
Let g(m) = -m**3 + 19*m**2 + 416*m - 8597. Give g(20).
-677
Let s(u) = -1775*u + 230785. What is s(130)?
35
Let s(c) = 648*c + 362888. What is s(-560)?
8
Let w(p) = 9708*p + 301025. Calculate w(-31).
77
Let u(g) = -12*g**3 - 10*g**2 - 14*g - 33. What is u(-4)?
631
Let p(s) = 867*s - 7890. Calculate p(9).
-87
Let g(k) = 3*k**2 + 97*k + 975. Give g(-21).
261
Let a(s) = s**3 + 246*s**2 - 4259*s - 17542. What is a(-262)?
12
Let h(b) = -2*b**2 + 14*b + 17001. What is h(-89)?
-87
Let a(q) = 49860*q + 498611. Determine a(-10).
11
Let l(w) = -163353*w + 490083. What is l(3)?
24
Let t(a) = -5246*a**2 + 5265*a - 16. Determine t(1).
3
Let m(k) = 2325*k - 2264. Give m(1).
61
Let h(s) = 34*s**2 - 13195*s - 12100. What is h(389)?
-41
Let p(q) = -1497*q - 21123. Determine p(-14).
-165
Let l(f) = -499*f - 56441. What is l(-113)?
-54
Let x(b) = -b**3 + 111*b + 964. Determine x(-8).
588
Let s(a) = 5*a**2 - 7844*a + 116626. Give s(15).
91
Let m(t) = 54824*t + 219377. Give m(-4).
81
Let p(v) = -7545770*v + 83003464. Determine p(11).
-6
Let y(g) = -2145*g + 29983. Determine y(14).
-47
Let j(w) = -22*w**2 + 215*w - 214. Determine j(11).
-511
Let g(f) = -7*f**2 + 13062*f + 130865. Determine g(-10).
-455
Let u(p) = 3*p**3 - 60*p**2 + 300*p - 30. Give u(11).
3
Let q(l) = -32690*l - 98074. What is q(-3)?
-4
Let v(c) = 5711*c**2 + 79953*c + 16. Give v(-14).
30
Let c(f) = 146*f + 1714. What is c(-14)?
-330
Let u(l) = -l**3 - 238*l**2 - 501*l + 101782. Give u(-234).
-8
Let d(c) = -8307*c - 24922. Give d(-3).
-1
Let v(r) = r**3 - 9*r**2 + 109*r - 385. What is v(5)?
60
Let j(y) = 61124*y - 366740. Calculate j(6).
4
Let r(s) = 2*s**3 + 28*s**2 + 70*s + 144. Determine r(-11).
100
Let t(g) = 24028*g**2 - 62*g + 4. Determine t(0).
4
Let v(k) = -24*k**2 - 742*k - 1489. What is v(-2)?
-101
Let t(b) = -126*b**3 + 28*b**2 - 3*b - 8. Determine t(-2).
1118
Let w(z) = 95*z**3 + 1993*z**2 - 19*z + 623. Calculate w(-21).
140
Let i(z) = 11*z**2 - 544*z + 3410. Give i(42).
-34
Let b(r) = 1302*r + 11732. What is b(-10)?
-1288
Let x(b) = 380*b - 55449. Determine x(144).
-729
Let o(f) = 7*f**3 + 84*f**2 - 193*f - 1340. Give o(-13).
-14
Let o(q) = 1263614*q + 4. Determine o(0).
4
Let n(t) = 3*t**2 + 27022*t - 162242. Give n(6).
-2
Let u(k) = 24*k**3 - 6696*k**2 - 49*k + 13672. What is u(279)?
1
Let q(i) = -2*i**3 + 36*i**2 + 5*i - 100. Determine q(17).
563
Let k(f) = 2*f**3 + 542*f**2 + 5217*f - 240. Give k(-261).
543
Let y(l) = -3*l**2 - 1049*l + 8315. Determine y(8).
-269
Let s(l) = -l**3 - 54*l**2 - 102*l + 7. What is s(-2)?
3
Let i(g) = 234*g - 5773. Calculate i(19).
-1327
Let c(y) = 3*y**2 + 163*y - 728. Determine c(-56).
-448
Let d(u) = -296946*u + 1484731. Calculate d(5).
1
Let a(y) = 2*y**2 + 2786*y + 943504. Give a(-581).
-40
Let x(a) = -a**3 - 6*a**2 - 355*a + 1565. What is x(4)?
-15
Let w(b) = -b**3 - 30*b**2 - 182*b - 313. Determine w(-4).
-1
Let m(z) = 32*z**2 + 1023*z + 3981. Calculate m(-4).
401
Let y(p) = 110*p + 48186. Give y(-437).
116
Let l(p) = -10*p**2 - 2329*p + 302. What is l(-233)?
69
Let n(o) = -o**2 - 476*o + 18976. What is n(37)?
-5
Let l(t) = t**3 + 16*t**2 + 8*t + 67. Determine l(-13).
470
Let d(w) = -80*w**2 - 229*w + 13932. What is d(12)?
-336
Let i(r) = 3284*r + 88641. Give i(-27).
-27
Let g(o) = -4*o**3 + o**2 - 18*o - 87. Calculate g(-5).
528
Let i(z) = -48061*z - 96112. Calculate i(-2).
10
Let m(q) = q**2 + 936*q + 145024. Calculate m(-196).
-16
Let t(h) = -644*h - 132. Give t(-1).
512
Let n(q) = -2336*q - 136738. Give n(-58).
-1250
Let d(y) = -y**3 - 296*y**2 + 325*y + 7761. What is d(-297)?
-555
Let c(u) = u**2 - 427*u + 6091. Determine c(412).
-89
Let k(m) = -6*m**3 - 176*m**2 + 676*m - 1688. Determine k(-33).
-38
Let c(h) = -h**2 + 81064*h - 1296718. Give c(16).
50
Let o(m) = -m**3 - 327*m**2 + 4398*m + 272. Determine o(13).
-14
Let o(z) = 971*z - 102713. Calculate o(106).
213
Let p(j) = -14*j**3 + 352*j**2 - 67*j + 396. Give p(25).
-29
Let k(z) = -54*z**2 + 3809*z + 1863. Determine k(71).
88
Let t(n) = 6*n**3 - 53*n**2 + 61*n + 7. What is t(1)?
21
Let b(n) = -13*n**3 + 466*n**2 + 666*n - 21394. Give b(36).
-10
Let j(k) = 32076*k - 192457. Determine j(6).
-1
Let y(n) = -1358*n - 282401. Give y(-208).
63
Let l(p) = p**3 - 53*p**2 - 356*p + 108. Give l(59).
-10
Let z(r) = -4*r**2 - 125*r - 852. Determine z(-24).
-156
Let m(r) = -255*r**2 + 3962*r - 19817. What is m(5)?
-6382
Let i(m) = -m**3 + 43*m**2 - 1822*m + 78335. Calculate i(43).
-11
Let t(o) = -680*o + 34691. Calculate t(51).
11
Let w(j) = -13724*j. What is w(0)?
0
Let t(g) = -g**2 + 794*g + 2381. Calculate t(-3).
-10
Let g(q) = 3*q**3 + 67*q**2 + 380*q - 17. Calculate g(-11).
-83
Let o(b) = 23*b - 2043. Calculate o(69).
-456
Let v(q) = 33*q**2 + 2670*q - 246. What is v(-81)?
-3
Let w(t) = -t**2 + 171*t - 2503. Determine w(16).
-23
Let w(i) = -i**3 - 9*i**2 + 105*i - 2. Determine w(-10).
-952
Let z(v) = -8357*v - 392621. What is z(-47)?
158
Let b(r) = -13843*r - 98487. Give b(-7).
-1586
Let a(j) = -6*j**3 - 41*j**2 - 29*j - 9. Determine a(0).
-9
Let c(l) = 125*l + 9583. What is c(-47)?
3708
Let o(v) = -22*v**2 - 86*v - 8. Calculate o(-9).
-1016
Let u(n) = n**2 - 171*n + 1519. What is u(140)?
-2821
Let m(a) = 32*a**3 - 8*a**2 + 1308*a + 1317. Determine m(-1).
-31
Let d(f) = -f**3 + 153*f**2 - 133*f - 2622. Determine d(152).
266
Let b(u) = u**3 + 199*u**2 + 617*u + 122770. Calculate b(-199).
-13
Let l(a) = -a**3 - 21*a**2 - 14*a - 683. What is l(-22)?
109
Let q(k) = 127*k**2 - 32770*k + 1197. Calculate q(258).
165
Let g(m) = 539225*m - 5931454. What is g(11)?
21
Let x(f) = -512*f**2 - 12285*f + 66. Give x(-24).
-6
Let y(m) = 2*m**2 + 125804*m + 125808. What is y(-1)?
6
Let p(l) = l**3 + 78*l**2 + 168*l + 1275. What is p(-76)?
59
Let h(y) = -1082*y - 47604. Calculate h(-44).
4
Let y(m) = m**3 + 30*m**2 - 4935*m - 148910. Determine y(-30).
-860
Let w(x) = -94402*x - 377625. Give w(-4).
-17
Let n(q) = 20380*q - 183455. Calculate n(9).
-35
Let f(y) = -27166*y + 54354. Calculate f(2).
22
Let o(y) = -3*y**2 - 127*y + 639452. What is o(441)?
2
Let t(n) = 1086825*n + 30431101. Calculate t(-28).
1
Let p(v) = -3*v**2 - 17106*v + 17107. Give p(1).
-2
Let i(k) = -41*k + 2068. Give i(51).
-23
Let s(v) = -45*v**3 - 6*v**2 + 20*v - 134. What is s(4)?
-3030
Let j(y) = 28*y**2 + 138*y + 17. Calculate j(-11).
1887
Let m(i) = i**3 - 167*i**2 - 3683*i + 5527. Give m(-21).
-38
Let p(v) = v**3 - 38*v**2 - 1614*v + 16283. What is p(-31)?
8
Let b(r) = -r**3 - 3*r**2 + 70*r + 29. What is b(-10)?
29
Let b(a) = -a**3 + 14*a**2 + 251*a - 3591. What is b(13)?
-159
Let q(y) = 30552*y**2 + 519386*y + 16. Calculate q(-17).
-18
Let m(h) = 2*h**3 - 2627*h**2 + 197361*h - 65. What is m(80)?
15
Let i(f) = -173745*f + 5386093. Calculate i(31).
-2
Let s(p) = -3*p**2 + 12*p + 1082. Give s(23).
-229
Let g(p) = 610*p - 46979. Determine g(77).
-9
Let c(i) = i**3 - 88*i**2 + 951*i + 317. Determine c(13).
5
Let z(j) = 31*j**2 + 791*j + 1797. Calculate z(-23).
3
Let k(r) = 205*r**3 + 3486*r**2 - 1277*r - 22008. Determine k(-17).
-10
Let d(r) = -853*r**2 + 2549*r - 3. What is d(3)?
-33
Let y(j) = 4*j**2 + 48*j - 321. What is y(-17)?
19
Let d(f) = 150*f**2 + 5541*f + 5073. De